{"id":1045,"date":"2025-07-16T18:14:00","date_gmt":"2025-07-16T18:14:00","guid":{"rendered":"https:\/\/404tecnostore.com.ar\/?post_type=product&#038;p=1045"},"modified":"2025-09-04T16:36:16","modified_gmt":"2025-09-04T16:36:16","slug":"iphone-11-tester","status":"publish","type":"product","link":"https:\/\/404tecnostore.com.ar\/?product=iphone-11-tester","title":{"rendered":"IPhone 11 Tester"},"content":{"rendered":"<h2>Caracter\u00edsticas Generales:<\/h2>\n<ul>\n<li style=\"list-style-type: none;\">\n<ul>\n<li><b>Pantalla:<\/b> Cuenta con una <b>pantalla Liquid Retina HD de 6.1 pulgadas<\/b> (LCD), conocida por sus colores vibrantes y buen brillo.<\/li>\n<li><b>Rendimiento:<\/b> Impulsado por el <b>chip A13 Bionic<\/b>, ofrec\u00eda un rendimiento excelente para su \u00e9poca, manejando aplicaciones, juegos y tareas diarias sin problemas.<\/li>\n<li><b>Sistema de C\u00e1mara:<\/b> Uno de sus puntos fuertes era el <b>sistema de doble c\u00e1mara<\/b> en la parte trasera:\n<ul>\n<li><b>C\u00e1mara gran angular de 12 MP:<\/b> Con apertura de \u0192\/1.8, era ideal para fotos cotidianas y ten\u00eda estabilizaci\u00f3n \u00f3ptica de imagen.<\/li>\n<li><b>C\u00e1mara ultra gran angular de 12 MP:<\/b> Ofrec\u00eda un campo de visi\u00f3n de 120\u00b0 y una apertura de \u0192\/2.4, perfecta para capturar paisajes o fotos grupales.<\/li>\n<li>Introdujo el <b>modo Noche<\/b> para una mejora significativa en la fotograf\u00eda con poca luz y <b>Deep Fusion<\/b> para un detalle mejorado en diversas condiciones de iluminaci\u00f3n.<\/li>\n<li>La <b>c\u00e1mara frontal TrueDepth de 12 MP<\/b> era compatible con el modo Retrato y grabaci\u00f3n de video 4K.<\/li>\n<\/ul>\n<\/li>\n<li><b>Capacidades de Video:<\/b> Pod\u00eda grabar <b>video 4K a hasta 60 fps<\/b> tanto con las c\u00e1maras traseras como con la frontal, con rango din\u00e1mico extendido.<\/li>\n<li><b>Durabilidad:<\/b> El iPhone 11 ten\u00eda una <b>clasificaci\u00f3n IP68<\/b> de resistencia al agua y al polvo, lo que significaba que pod\u00eda soportar la inmersi\u00f3n en hasta 2 metros de agua durante 30 minutos.<\/li>\n<li><b>Duraci\u00f3n de la Bater\u00eda:<\/b> Ofrec\u00eda una duraci\u00f3n de bater\u00eda mejorada en comparaci\u00f3n con sus predecesores, proporcionando <b>hasta 17 horas de reproducci\u00f3n de video<\/b>.<\/li>\n<li><b>Dise\u00f1o:<\/b> Presentaba un frente y una parte trasera de vidrio con un marco de aluminio, disponible en una variedad de colores vibrantes.<\/li>\n<\/ul>\n<\/li>\n<\/ul>\n","protected":false},"excerpt":{"rendered":"<p><b>\u00bfBusc\u00e1s la experiencia Apple a un precio incre\u00edble?<\/b> \u00a1Esta es tu oportunidad! El <b>iPhone 11 tester<\/b> es la elecci\u00f3n inteligente para quienes quieren calidad, rendimiento y un dise\u00f1o espectacular sin pagar de m\u00e1s. No es un equipo nuevo sellado, pero casi lo es: son unidades que han sido usadas para exhibici\u00f3n o pruebas, lo que significa que est\u00e1n en <b>condiciones impecables<\/b>, \u00a1casi como si estrenaras uno!.<\/p>\n<p>&nbsp;<\/p>\n","protected":false},"featured_media":1098,"comment_status":"open","ping_status":"closed","template":"","meta":{"_eb_attr":""},"product_brand":[18],"product_cat":[38],"product_tag":[],"class_list":{"0":"post-1045","1":"product","2":"type-product","3":"status-publish","4":"has-post-thumbnail","6":"product_brand-apple","7":"product_cat-appltest","9":"first","10":"instock","11":"taxable","12":"shipping-taxable","13":"purchasable","14":"product-type-simple"},"jetpack_sharing_enabled":true,"_links":{"self":[{"href":"https:\/\/404tecnostore.com.ar\/index.php?rest_route=\/wp\/v2\/product\/1045","targetHints":{"allow":["GET"]}}],"collection":[{"href":"https:\/\/404tecnostore.com.ar\/index.php?rest_route=\/wp\/v2\/product"}],"about":[{"href":"https:\/\/404tecnostore.com.ar\/index.php?rest_route=\/wp\/v2\/types\/product"}],"replies":[{"embeddable":true,"href":"https:\/\/404tecnostore.com.ar\/index.php?rest_route=%2Fwp%2Fv2%2Fcomments&post=1045"}],"wp:featuredmedia":[{"embeddable":true,"href":"https:\/\/404tecnostore.com.ar\/index.php?rest_route=\/wp\/v2\/media\/1098"}],"wp:attachment":[{"href":"https:\/\/404tecnostore.com.ar\/index.php?rest_route=%2Fwp%2Fv2%2Fmedia&parent=1045"}],"wp:term":[{"taxonomy":"product_brand","embeddable":true,"href":"https:\/\/404tecnostore.com.ar\/index.php?rest_route=%2Fwp%2Fv2%2Fproduct_brand&post=1045"},{"taxonomy":"product_cat","embeddable":true,"href":"https:\/\/404tecnostore.com.ar\/index.php?rest_route=%2Fwp%2Fv2%2Fproduct_cat&post=1045"},{"taxonomy":"product_tag","embeddable":true,"href":"https:\/\/404tecnostore.com.ar\/index.php?rest_route=%2Fwp%2Fv2%2Fproduct_tag&post=1045"}],"curies":[{"name":"wp","href":"https:\/\/api.w.org\/{rel}","templated":true}]}}